 Suppose 0 = -5*z + 195 + 435. What is the highest common factor of u and z?
14
Suppose 2*u + 3*l + 14 = 3, -2*l = 2. Let i be (3 + u)*2 - -17. Calculate the highest common divisor of 6 and i.
3
Let m = 38 + 34. Suppose -p + 4*p = m. Let q be 3/p*110*4. Calculate the highest common divisor of 22 and q.
11
Let y be -2*2/10 + (-2662)/(-55). What is the highest common divisor of y and 72?
24
Let t(i) = -2*i**2 + 29*i - 2. Let p be t(12). What is the greatest common divisor of p and 29?
29
Let x(v) = -31*v - 3. Let f be x(-3). Let d(a) = -3 + 6 + 7 - a. Let n be d(0). Calculate the greatest common divisor of f and n.
10
Suppose -3*f = -5*f + 5*b + 25, -4*f = 5*b - 95. Calculate the highest common divisor of 220 and f.
20
Let c = 3 - -9. Suppose 0 = -2*y + c + 6. Calculate the greatest common factor of 63 and y.
9
Suppose -4*i + 39 = -7*i. Let t be 2/(-3)*(i - 8). Calculate the greatest common divisor of 112 and t.
14
Suppose 5*p - 3*g = -5*g + 13, -5*g - 14 = -3*p. What is the highest common factor of 3 and p?
3
Let m(f) = f**3 + 4*f**2 - 6*f. Let d be m(-5). Let n = -54 - -79. What is the highest common factor of n and d?
5
Suppose 23 = s - 9. What is the highest common factor of s and 8?
8
Let b(v) be the first derivative of v**2/2 - v - 1. Suppose -5*n + 2*n = -30. Let o be b(n). What is the greatest common factor of o and 99?
9
Suppose 0 = -5*d - 5. Let a be 26/(-6)*(d + -2). Calculate the greatest common divisor of a and 91.
13
Suppose s + 4 = -s. Let w be 2/(s + 1) - -9. Let t(g) = -g**2 + 8*g - 2. Let l be t(w). What is the greatest common factor of l and 45?
5
Suppose -12 - 3 = -5*m. Suppose -m*c + 408 = -0*c. Calculate the highest common divisor of c and 17.
17
Suppose 110 = z - 0*z + p, 0 = -3*p. Calculate the highest common factor of z and 44.
22
Suppose 3*g + 2*g = 2*j + 28, -5*g + 40 = -5*j. What is the highest common factor of g and 44?
4
Let p = 2 + 1. Suppose 5*w = 3*c - 76, 3*c - 136 = -2*c - w. What is the highest common divisor of p and c?
3
Let p be 2376/20 - (-1)/5. Calculate the highest common factor of p and 34.
17
Let v(d) = d**2 - 6*d + 9. Let s be v(7). Suppose 9*y = 3*y + 384. Calculate the highest common divisor of y and s.
16
Let m = 2 - -2. Suppose -m*h = -11 - 29. Let o be ((-6)/(-4))/((-3)/(-4)). Calculate the highest common factor of o and h.
2
Let h be ((-3)/2)/(-3)*-6. Let j = 5 + h. What is the highest common factor of j and 1?
1
Suppose 2*s - 2*u = 232 + 132, 0 = 4*s - u - 728. Calculate the greatest common factor of 26 and s.
26
Suppose 4*s - z - 58 = -0*s, 0 = -5*s - z + 68. Let q(c) = -c**3 - 2*c**2 - 2*c - 1. Let l be q(-3). What is the greatest common factor of l and s?
14
Let u be (-2 - (-1)/3)*3. Let c be (u + 2)*2/(-2). Suppose -o + 81 = 2*o - 3*x, 0 = c*o + 2*x - 81. What is the greatest common divisor of o and 3?
3
Let b be (-12784)/(-80) - ((-1)/5 - 0). What is the greatest common divisor of b and 64?
32
Let l = 1 - -2. Let n be 18/(-12)*(-4)/3. What is the highest common divisor of n and l?
1
Suppose 5*l - l = a - 172, -3*l - 138 = -3*a. Let m be (l/15)/(2/(-40)). Let d be 21*(-3)/(-9)*1. Calculate the greatest common factor of m and d.
7
Let p = 8 + 0. What is the greatest common factor of p and 8?
8
Let k = 9 + -7. Suppose 0 = -4*q + 2*q + k, -5*n + 12 = 2*q. Suppose 0*g = -n*g + 200. Calculate the greatest common divisor of g and 20.
20
Suppose 5*x - 16 = 3*h - 6, 0 = -5*x + h. Let d be (x*16)/((-2)/4). Calculate the greatest common factor of d and 8.
8
Let z be (-6)/(-24) + 19/4. Calculate the greatest common factor of z and 1.
1
Let a(x) = 11*x - 2. Let d be a(2). Suppose 5*f - f - 4*y + 8 = 0, -3*f - 1 = -2*y. Suppose 94 = f*z - 86. What is the greatest common factor of d and z?
20
Suppose 0*a + 34 = w + a, -a - 4 = 0. What is the greatest common factor of w and 190?
38
Suppose 0 = q + 2 - 11. Calculate the greatest common factor of q and 135.
9
Let o = -2 - -5. Let v(w) be the second derivative of w**4/12 + w**3/6 - w**2 + 2*w. Let p be v(o). What is the greatest common factor of 90 and p?
10
Let s be 46*(-3 - -2)*-1. Suppose -3*n + s = 5*f, 2*n + 18 = 2*f + 3*n. What is the highest common divisor of f and 88?
8
Let o(i) = 2*i**2 + 9*i - 14. Suppose -j = -3*n + 22, 3*j = 2*n - 26 - 12. Let s be o(j). What is the greatest common divisor of 24 and s?
24
Suppose 5*c + 4*i = 388, -3*i + 99 = 2*c - 52. Suppose t + 45 - 8 = 0. Let v be -4 - (t + 0 + 1). What is the greatest common factor of c and v?
16
Let p be 2*-3*8/(-6). Let z be (4/6)/(p/12). Let f = 20 - 11. Calculate the greatest common divisor of z and f.
1
Let j = -10 - -12. Suppose -6*r + j*r = m - 6, -38 = -2*m + 5*r. Calculate the highest common factor of 14 and m.
14
Suppose s - 19 + 1 = 0. What is the greatest common divisor of s and 6?
6
Let o be (-847)/(-28) - 3 - (-6)/8. Calculate the greatest common factor of 4 and o.
4
Suppose 5*d - 3*i = 1, 0*d - 4*d - 1 = -3*i. Suppose -22 = -5*s - d. Let c be (s/10)/((-5)/(-125)). Calculate the highest common factor of c and 50.
10
Let t(j) = -j - 4. Let g be t(-6). Suppose 0 = -g*v + 6*v - 16. Suppose 0 = -i - v*i + 225. Calculate the greatest common factor of i and 5.
5
Suppose 6*y - 86 = 130. What is the greatest common factor of y and 48?
12
Suppose 4*s - 14 - 18 = 5*v, s = v + 8. Let c = 1 + -6. Let a be (-318)/c - (-4)/10. What is the highest common divisor of s and a?
8
Let i = 6 + -4. Let g(r) = 11 - r**2 + 10*r + i + 1. Let b be g(10). What is the greatest common divisor of b and 2?
2
Let u = -3 + 12. Suppose 4*b + 30 = 2*x, 2*b - 7 = -4*x + 3. Suppose m - 2*m - 103 = -d, d = x*m + 119. Calculate the highest common divisor of u and d.
9
Let s(k) = -k - 2. Let g(d) = -d**2 + 4*d - 1. Let l be g(5). Let a be s(l). Suppose -3*b + b = -64. Calculate the highest common factor of a and b.
4
Let c = 52 - 32. Calculate the highest common divisor of c and 40.
20
Suppose -8 + 2 = 3*u. Let i be (-3 - u - 1)*1. Let m be ((-1)/i)/(1/12). Calculate the greatest common factor of m and 30.
6
Let o(p) = 18*p**3 - p**2 + p - 1. Let b be o(1). Let s = b + 1. Suppose j = y - 162 + 33, -15 = 5*j. Calculate the greatest common divisor of s and y.
18
Suppose -3*p = 5 - 20. Suppose 17 = -p*q + x - 29, 3*q - 2*x = -22. Let k be ((-1)/(-2))/((-1)/q). What is the greatest common factor of k and 5?
5
Let o(j) = -101*j - 1. Let x be o(-1). Calculate the highest common divisor of x and 20.
20
Suppose 0*x = -2*c - 4*x, c = -4*x. Suppose p + 1 - 5 = c. Suppose 21 = 4*t + r, 2*t + p*r = -0*r + 28. What is the greatest common divisor of 16 and t?
4
Let w(y) = -4*y - 14. Let a be w(-5). Calculate the greatest common divisor of 48 and a.
6
Suppose -x + i + 7 = 4*i, -4*i + 4 = 0. Calculate the greatest common factor of x and 2.
2
Suppose -7*q + 25 = -2*q. Let s be 4 + 0 + -2 - -3. What is the greatest common divisor of q and s?
5
Let j be (-2)/(-6) - (-10)/6. Let o be j*(-2)/((-8)/10). Suppose -o = 3*k - 8*k. Calculate the highest common divisor of k and 2.
1
Let m(p) = 2*p**2 + p + 5. Let k be m(3). Calculate the greatest common divisor of 26 and k.
26
Let i = 69 + -9. Suppose -2*n = -6*n + 60. What is the greatest common factor of i and n?
15
Suppose -4*x = -0*x - 8. Suppose -x*k = -5*k + 180. Calculate the greatest common divisor of 12 and k.
12
Let d = 0 - -19. Calculate the highest common factor of d and 152.
19
Let n = 0 + 14. What is the greatest common factor of n and 154?
14
Suppose -5*z + 10*a + 85 = 5*a, -a - 3 = 0. Let v be 4 + 6/(-5 + 2). Calculate the greatest common divisor of v and z.
2
Let n = 105 + -81. What is the greatest common divisor of 192 and n?
24
Suppose 99 = 10*h - 201. Calculate the highest common divisor of 75 and h.
15
Let a(d) = d**2 + 3. Let h be a(0). Suppose 30 = 3*p - r, -h*p + 7*p - r = 41. Suppose -s - 55 = -2*s. What is the greatest common factor of s and p?
11
Let j = -827 - -1419. Suppose -6*v + 2*v + j = 0. Suppose 3*d - 140 = v. Calculate the greatest common factor of d and 12.
12
Suppose 4*t = 4*p - 8, -t = -2*p - p + 10. Let m(b) = -b**3 + 10*b**2 + 5. Let o be m(10). Suppose o*k + p = 59. What is the greatest common factor of 99 and k?
11
Suppose -164 = -4*n + 4*s, 0 = 5*n + 5*s - 78 - 77. Calculate the greatest common factor of 9 and n.
9
Suppose 1211 = 5*a + 4*l, -3*a -